[INFO] fetching crate substrate-subxt-client 0.4.0...
[INFO] checking substrate-subxt-client-0.4.0 against try#72f88fc4e9458f89516a0b8b0868f3718aec5b47 for pr-74989
[INFO] extracting crate substrate-subxt-client 0.4.0 into /workspace/builds/worker-7/source
[INFO] validating manifest of crates.io crate substrate-subxt-client 0.4.0 on toolchain 72f88fc4e9458f89516a0b8b0868f3718aec5b47
[INFO] running `Command { std: "/workspace/cargo-home/bin/cargo" "+72f88fc4e9458f89516a0b8b0868f3718aec5b47" "read-manifest" "--manifest-path" "Cargo.toml", kill_on_drop: false }`
[INFO] started tweaking crates.io crate substrate-subxt-client 0.4.0
[INFO] finished tweaking crates.io crate substrate-subxt-client 0.4.0
[INFO] tweaked toml for crates.io crate substrate-subxt-client 0.4.0 written to /workspace/builds/worker-7/source/Cargo.toml
[INFO] running `Command { std: "/workspace/cargo-home/bin/cargo" "+72f88fc4e9458f89516a0b8b0868f3718aec5b47" "generate-lockfile" "--manifest-path" "Cargo.toml" "-Zno-index-update", kill_on_drop: false }`
[INFO] [stderr]     Blocking waiting for file lock on package cache
[INFO] running `Command { std: "/workspace/cargo-home/bin/cargo" "+72f88fc4e9458f89516a0b8b0868f3718aec5b47" "fetch" "--locked" "--manifest-path" "Cargo.toml", kill_on_drop: false }`
[INFO] [stderr]     Blocking waiting for file lock on package cache
[INFO] [stderr]     Blocking waiting for file lock on package cache
[INFO] [stderr]  Downloading crates ...
[INFO] [stderr]   Downloaded jsonrpc-ipc-server v14.2.0
[INFO] [stderr]   Downloaded sp-rpc v2.0.0-rc6
[INFO] [stderr]   Downloaded jsonrpc-client-transports v14.2.1
[INFO] [stderr]   Downloaded async-tls v0.6.0
[INFO] [stderr]   Downloaded kvdb v0.7.0
[INFO] [stderr]   Downloaded ip_network v0.3.4
[INFO] [stderr]   Downloaded multimap v0.8.2
[INFO] [stderr]   Downloaded libp2p-ping v0.20.0
[INFO] [stderr]   Downloaded libp2p-tcp v0.20.0
[INFO] [stderr]   Downloaded parity-send-wrapper v0.1.0
[INFO] [stderr]   Downloaded jsonrpsee-proc-macros v0.1.0
[INFO] [stderr]   Downloaded atomic v0.4.6
[INFO] [stderr]   Downloaded ct-logs v0.7.0
[INFO] [stderr]   Downloaded jsonrpc-pubsub v14.2.0
[INFO] [stderr]   Downloaded jsonrpc-http-server v14.2.0
[INFO] [stderr]   Downloaded libp2p-yamux v0.20.0
[INFO] [stderr]   Downloaded snow v0.7.1
[INFO] [stderr]   Downloaded libp2p-kad v0.21.0
[INFO] [stderr]   Downloaded security-framework-sys v1.0.0
[INFO] [stderr]   Downloaded chacha20 v0.4.3
[INFO] [stderr]   Downloaded libp2p-core-derive v0.20.2
[INFO] [stderr]   Downloaded libp2p-swarm v0.20.1
[INFO] [stderr]   Downloaded sc-offchain v2.0.0-rc6
[INFO] [stderr]   Downloaded jsonrpc-server-utils v14.2.0
[INFO] [stderr]   Downloaded libp2p-mplex v0.20.0
[INFO] [stderr]   Downloaded sp-session v2.0.0-rc6
[INFO] [stderr]   Downloaded sp-serializer v2.0.0-rc6
[INFO] [stderr]   Downloaded slog-json v2.3.0
[INFO] [stderr]   Downloaded ws v0.9.1
[INFO] [stderr]   Downloaded intervalier v0.4.0
[INFO] [stderr]   Downloaded sc-peerset v2.0.0-rc6
[INFO] [stderr]   Downloaded sc-chain-spec v2.0.0-rc6
[INFO] [stderr]   Downloaded sc-transaction-graph v2.0.0-rc6
[INFO] [stderr]   Downloaded sp-block-builder v2.0.0-rc6
[INFO] [stderr]   Downloaded tracing-serde v0.1.2
[INFO] [stderr]   Downloaded libp2p-identify v0.20.0
[INFO] [stderr]   Downloaded sc-informant v0.8.0-rc6
[INFO] [stderr]   Downloaded quicksink v0.1.2
[INFO] [stderr]   Downloaded sc-chain-spec-derive v2.0.0-rc6
[INFO] [stderr]   Downloaded erased-serde v0.3.12
[INFO] [stderr]   Downloaded sp-chain-spec v2.0.0-rc6
[INFO] [stderr]   Downloaded dns-parser v0.8.0
[INFO] [stderr]   Downloaded sp-offchain v2.0.0-rc6
[INFO] [stderr]   Downloaded asn1_der v0.6.3
[INFO] [stderr]   Downloaded async-tls v0.8.0
[INFO] [stderr]   Downloaded aesni v0.7.0
[INFO] [stderr]   Downloaded prost v0.6.1
[INFO] [stderr]   Downloaded libp2p-dns v0.20.0
[INFO] [stderr]   Downloaded soketto v0.3.2
[INFO] [stderr]   Downloaded sc-block-builder v0.8.0-rc6
[INFO] [stderr]   Downloaded rustls-native-certs v0.4.0
[INFO] [stderr]   Downloaded exit-future v0.2.0
[INFO] [stderr]   Downloaded blake2 v0.9.0
[INFO] [stderr]   Downloaded slog_derive v0.2.0
[INFO] [stderr]   Downloaded tracing-subscriber v0.2.12
[INFO] [stderr]   Downloaded jsonrpsee v0.1.0
[INFO] [stderr]   Downloaded jsonrpc-derive v14.2.2
[INFO] [stderr]   Downloaded aes-soft v0.4.0
[INFO] [stderr]   Downloaded linked_hash_set v0.1.4
[INFO] [stderr]   Downloaded asn1_der_derive v0.1.2
[INFO] [stderr]   Downloaded tokio-named-pipes v0.1.0
[INFO] [stderr]   Downloaded sharded-slab v0.0.9
[INFO] [stderr]   Downloaded futures-diagnose v1.0.1
[INFO] [stderr]   Downloaded aes-gcm v0.6.0
[INFO] [stderr]   Downloaded prost-types v0.6.1
[INFO] [stderr]   Downloaded sc-client-db v0.8.0-rc6
[INFO] [stderr]   Downloaded x25519-dalek v0.6.0
[INFO] [stderr]   Downloaded bs58 v0.3.1
[INFO] [stderr]   Downloaded multihash v0.11.4
[INFO] [stderr]   Downloaded sc-service v0.8.0-rc6
[INFO] [stderr]   Downloaded sc-state-db v0.8.0-rc6
[INFO] [stderr]   Downloaded sc-network v0.8.0-rc6
[INFO] [stderr]   Downloaded fork-tree v2.0.0-rc6
[INFO] [stderr]   Downloaded sc-light v2.0.0-rc6
[INFO] [stderr]   Downloaded sc-rpc-server v2.0.0-rc6
[INFO] [stderr]   Downloaded sc-executor-common v0.8.0-rc6
[INFO] [stderr]   Downloaded sc-executor-wasmi v0.8.0-rc6
[INFO] [stderr]   Downloaded sc-rpc-api v0.8.0-rc6
[INFO] [stderr]   Downloaded kvdb-memorydb v0.7.0
[INFO] [stderr]   Downloaded sc-tracing v2.0.0-rc6
[INFO] [stderr]   Downloaded sc-executor v0.8.0-rc6
[INFO] [stderr]   Downloaded sc-telemetry v2.0.0-rc6
[INFO] [stderr]   Downloaded futures_codec v0.4.1
[INFO] [stderr]   Downloaded security-framework v1.0.0
[INFO] [stderr]   Downloaded sc-transaction-pool v2.0.0-rc6
[INFO] [stderr]   Downloaded unsigned-varint v0.5.1
[INFO] [stderr]   Downloaded sp-api-proc-macro v2.0.0-rc6
[INFO] [stderr]   Downloaded libp2p-websocket v0.21.1
[INFO] [stderr]   Downloaded jsonrpc-core-client v14.2.0
[INFO] [stderr]   Downloaded yamux v0.4.9
[INFO] [stderr]   Downloaded parity-multiaddr v0.9.2
[INFO] [stderr]   Downloaded ghash v0.3.0
[INFO] [stderr]   Downloaded rw-stream-sink v0.2.1
[INFO] [stderr]   Downloaded retain_mut v0.1.1
[INFO] [stderr]   Downloaded unsigned-varint v0.4.0
[INFO] [stderr]   Downloaded sp-api v2.0.0-rc6
[INFO] [stderr]   Downloaded wasm-timer v0.2.5
[INFO] [stderr]   Downloaded sc-keystore v2.0.0-rc6
[INFO] [stderr]   Downloaded sc-client-api v2.0.0-rc6
[INFO] [stderr]   Downloaded sc-rpc v2.0.0-rc6
[INFO] [stderr]   Downloaded crypto-mac v0.8.0
[INFO] [stderr]   Downloaded prost-build v0.6.1
[INFO] [stderr]   Downloaded soketto v0.4.2
[INFO] [stderr]   Downloaded libp2p-wasm-ext v0.20.1
[INFO] [stderr]   Downloaded multistream-select v0.8.2
[INFO] [stderr]   Downloaded sp-consensus v0.8.0-rc6
[INFO] [stderr]   Downloaded sp-database v2.0.0-rc6
[INFO] [stderr]   Downloaded sp-version v2.0.0-rc6
[INFO] [stderr]   Downloaded aes v0.4.0
[INFO] [stderr]   Downloaded libp2p-noise v0.22.0
[INFO] [stderr]   Downloaded libp2p-mdns v0.20.0
[INFO] [stderr]   Downloaded block-cipher v0.7.1
[INFO] [stderr]   Downloaded polyval v0.4.0
[INFO] [stderr]   Downloaded chacha20poly1305 v0.5.1
[INFO] [stderr]   Downloaded blake2s_simd v0.5.10
[INFO] [stderr]   Downloaded libp2p v0.23.0
[INFO] [stderr]   Downloaded prost-derive v0.6.1
[INFO] [stderr]   Downloaded nohash-hasher v0.2.0
[INFO] [stderr]   Downloaded prometheus v0.9.0
[INFO] [stderr]   Downloaded libp2p-core v0.20.1
[INFO] [stderr]   Downloaded sp-transaction-pool v2.0.0-rc6
[INFO] [stderr]   Downloaded sp-blockchain v2.0.0-rc6
[INFO] [stderr]   Downloaded sp-utils v2.0.0-rc6
[INFO] [stderr]   Downloaded parity-tokio-ipc v0.4.0
[INFO] [stderr]   Downloaded sp-allocator v2.0.0-rc6
[INFO] [stderr]   Downloaded jsonrpc-core v14.2.0
[INFO] [stderr]   Downloaded jsonrpc-ws-server v14.2.0
[INFO] [stderr]   Downloaded sp-staking v2.0.0-rc6
[INFO] [stderr]   Downloaded lru v0.4.3
[INFO] [stderr]   Downloaded substrate-prometheus-endpoint v0.8.0-rc6
[INFO] running `Command { std: "docker" "create" "-v" "/var/lib/crater-agent-workspace/builds/worker-7/target:/opt/rustwide/target:rw,Z" "-v" "/var/lib/crater-agent-workspace/builds/worker-7/source:/opt/rustwide/workdir:ro,Z" "-v" "/var/lib/crater-agent-workspace/cargo-home:/opt/rustwide/cargo-home:ro,Z" "-v" "/var/lib/crater-agent-workspace/rustup-home:/opt/rustwide/rustup-home:ro,Z" "-e" "SOURCE_DIR=/opt/rustwide/workdir" "-e" "CARGO_TARGET_DIR=/opt/rustwide/target" "-e" "CARGO_HOME=/opt/rustwide/cargo-home" "-e" "RUSTUP_HOME=/opt/rustwide/rustup-home" "-w" "/opt/rustwide/workdir" "-m" "1610612736" "--user" "0:0" "--network" "none" "rustops/crates-build-env@sha256:d92eaeed33fa75130ca1ee6c8a01d1ffb62bac859dfdfb3450e3e5d1c0146529" "/opt/rustwide/cargo-home/bin/cargo" "+72f88fc4e9458f89516a0b8b0868f3718aec5b47" "metadata" "--no-deps" "--format-version=1", kill_on_drop: false }`
[INFO] [stdout] cfa6ed7e673267b99560cb4a02e11b32d45da6175786166f9c690aad1ccf75f2
[INFO] [stderr] WARNING: Your kernel does not support swap limit capabilities or the cgroup is not mounted. Memory limited without swap.
[INFO] running `Command { std: "docker" "start" "-a" "cfa6ed7e673267b99560cb4a02e11b32d45da6175786166f9c690aad1ccf75f2", kill_on_drop: false }`
[INFO] running `Command { std: "docker" "inspect" "cfa6ed7e673267b99560cb4a02e11b32d45da6175786166f9c690aad1ccf75f2", kill_on_drop: false }`
[INFO] running `Command { std: "docker" "rm" "-f" "cfa6ed7e673267b99560cb4a02e11b32d45da6175786166f9c690aad1ccf75f2", kill_on_drop: false }`
[INFO] [stdout] cfa6ed7e673267b99560cb4a02e11b32d45da6175786166f9c690aad1ccf75f2
[INFO] running `Command { std: "docker" "create" "-v" "/var/lib/crater-agent-workspace/builds/worker-7/target:/opt/rustwide/target:rw,Z" "-v" "/var/lib/crater-agent-workspace/builds/worker-7/source:/opt/rustwide/workdir:ro,Z" "-v" "/var/lib/crater-agent-workspace/cargo-home:/opt/rustwide/cargo-home:ro,Z" "-v" "/var/lib/crater-agent-workspace/rustup-home:/opt/rustwide/rustup-home:ro,Z" "-e" "SOURCE_DIR=/opt/rustwide/workdir" "-e" "CARGO_TARGET_DIR=/opt/rustwide/target" "-e" "CARGO_INCREMENTAL=0" "-e" "RUST_BACKTRACE=full" "-e" "RUSTFLAGS=--cap-lints=forbid" "-e" "CARGO_HOME=/opt/rustwide/cargo-home" "-e" "RUSTUP_HOME=/opt/rustwide/rustup-home" "-w" "/opt/rustwide/workdir" "-m" "1610612736" "--user" "0:0" "--network" "none" "rustops/crates-build-env@sha256:d92eaeed33fa75130ca1ee6c8a01d1ffb62bac859dfdfb3450e3e5d1c0146529" "/opt/rustwide/cargo-home/bin/cargo" "+72f88fc4e9458f89516a0b8b0868f3718aec5b47" "check" "--frozen" "--all" "--all-targets" "--message-format=json", kill_on_drop: false }`
[INFO] [stdout] 2df8fc0c9a77f8bc329fd310f45d3d308f10df0b750064e726e13fdccc3465b8
[INFO] [stderr] WARNING: Your kernel does not support swap limit capabilities or the cgroup is not mounted. Memory limited without swap.
[INFO] running `Command { std: "docker" "start" "-a" "2df8fc0c9a77f8bc329fd310f45d3d308f10df0b750064e726e13fdccc3465b8", kill_on_drop: false }`
[INFO] [stderr]    Compiling libc v0.2.77
[INFO] [stderr]    Compiling proc-macro2 v1.0.21
[INFO] [stderr]     Checking cfg-if v0.1.10
[INFO] [stderr]    Compiling unicode-xid v0.2.1
[INFO] [stderr]    Compiling syn v1.0.40
[INFO] [stderr]    Compiling log v0.4.11
[INFO] [stderr]    Compiling autocfg v1.0.1
[INFO] [stderr]     Checking scopeguard v1.1.0
[INFO] [stderr]    Compiling byteorder v1.3.4
[INFO] [stderr]     Checking smallvec v1.4.2
[INFO] [stderr]    Compiling getrandom v0.1.15
[INFO] [stderr]     Checking futures v0.1.29
[INFO] [stderr]    Compiling memchr v2.3.3
[INFO] [stderr]    Compiling serde_derive v1.0.116
[INFO] [stderr]    Compiling serde v1.0.116
[INFO] [stderr]     Checking slab v0.4.2
[INFO] [stderr]     Checking lazy_static v1.4.0
[INFO] [stderr]     Checking instant v0.1.6
[INFO] [stderr]     Checking either v1.6.0
[INFO] [stderr]    Compiling version_check v0.9.2
[INFO] [stderr]     Checking futures-core v0.3.5
[INFO] [stderr]    Compiling proc-macro-hack v0.5.18
[INFO] [stderr]     Checking ppv-lite86 v0.2.9
[INFO] [stderr]     Checking futures-sink v0.3.5
[INFO] [stderr]     Checking futures-io v0.3.5
[INFO] [stderr]    Compiling pin-project-internal v0.4.23
[INFO] [stderr]    Compiling proc-macro-nested v0.1.6
[INFO] [stderr]     Checking pin-utils v0.1.0
[INFO] [stderr]     Checking arrayvec v0.5.1
[INFO] [stderr]     Checking subtle v2.3.0
[INFO] [stderr]     Checking static_assertions v1.1.0
[INFO] [stderr]    Compiling crunchy v0.2.2
[INFO] [stderr]     Checking opaque-debug v0.2.3
[INFO] [stderr]     Checking byte-tools v0.3.1
[INFO] [stderr]     Checking fnv v1.0.7
[INFO] [stderr]     Checking block-padding v0.2.1
[INFO] [stderr]     Checking fake-simd v0.1.2
[INFO] [stderr]     Checking opaque-debug v0.3.0
[INFO] [stderr]     Checking arrayref v0.3.6
[INFO] [stderr]     Checking cpuid-bool v0.1.2
[INFO] [stderr]     Checking subtle v1.0.0
[INFO] [stderr]     Checking keccak v0.1.0
[INFO] [stderr]     Checking constant_time_eq v0.1.5
[INFO] [stderr]    Compiling cc v1.0.59
[INFO] [stderr]     Checking signature v1.2.2
[INFO] [stderr]     Checking radium v0.3.0
[INFO] [stderr]     Checking spin v0.5.2
[INFO] [stderr]     Checking rustc-hex v2.1.0
[INFO] [stderr]     Checking byte-slice-cast v0.3.5
[INFO] [stderr]     Checking itoa v0.4.6
[INFO] [stderr]    Compiling anyhow v1.0.32
[INFO] [stderr]     Checking bytes v0.5.6
[INFO] [stderr]     Checking untrusted v0.7.1
[INFO] [stderr]     Checking regex-syntax v0.6.18
[INFO] [stderr]    Compiling unicode-segmentation v1.6.0
[INFO] [stderr]    Compiling wasm-bindgen-shared v0.2.68
[INFO] [stderr]    Compiling semver-parser v0.7.0
[INFO] [stderr]     Checking ahash v0.3.8
[INFO] [stderr]    Compiling bumpalo v3.4.0
[INFO] [stderr]    Compiling hashbrown v0.9.0
[INFO] [stderr]     Checking matches v0.1.8
[INFO] [stderr]    Compiling fixedbitset v0.2.0
[INFO] [stderr]    Compiling remove_dir_all v0.5.3
[INFO] [stderr]     Checking gimli v0.22.0
[INFO] [stderr]     Checking adler v0.2.3
[INFO] [stderr]    Compiling multimap v0.8.2
[INFO] [stderr]    Compiling wasm-bindgen v0.2.68
[INFO] [stderr]    Compiling parity-util-mem v0.7.0
[INFO] [stderr]     Checking object v0.20.0
[INFO] [stderr]     Checking rustc-demangle v0.1.16
[INFO] [stderr]    Compiling failure_derive v0.1.8
[INFO] [stderr]    Compiling arrayvec v0.4.12
[INFO] [stderr]     Checking sp-std v2.0.0-rc6
[INFO] [stderr]     Checking stable_deref_trait v1.2.0
[INFO] [stderr]     Checking parity-wasm v0.41.0
[INFO] [stderr]     Checking hash-db v0.15.2
[INFO] [stderr]     Checking memory_units v0.3.0
[INFO] [stderr]    Compiling tiny-keccak v2.0.2
[INFO] [stderr]     Checking nodrop v0.1.14
[INFO] [stderr]     Checking percent-encoding v2.1.0
[INFO] [stderr]     Checking environmental v1.1.1
[INFO] [stderr]     Checking rustc-hash v1.1.0
[INFO] [stderr]     Checking send_wrapper v0.4.0
[INFO] [stderr]     Checking dyn-clone v1.0.2
[INFO] [stderr]    Compiling ryu v1.0.5
[INFO] [stderr]     Checking base58 v0.1.0
[INFO] [stderr]     Checking hex v0.4.2
[INFO] [stderr]     Checking pin-project-lite v0.1.7
[INFO] [stderr]    Compiling serde_json v1.0.57
[INFO] [stderr]     Checking unsigned-varint v0.5.1
[INFO] [stderr]     Checking bs58 v0.3.1
[INFO] [stderr]    Compiling httparse v1.3.4
[INFO] [stderr]     Checking data-encoding v2.3.0
[INFO] [stderr]     Checking void v1.0.2
[INFO] [stderr]     Checking cache-padded v1.1.1
[INFO] [stderr]     Checking fastrand v1.3.5
[INFO] [stderr]    Compiling maybe-uninit v2.0.0
[INFO] [stderr]     Checking parking v2.0.0
[INFO] [stderr]     Checking waker-fn v1.1.0
[INFO] [stderr]     Checking event-listener v2.4.0
[INFO] [stderr]     Checking base64 v0.12.3
[INFO] [stderr]     Checking async-task v3.0.0
[INFO] [stderr]     Checking vec-arena v0.5.2
[INFO] [stderr]     Checking parking v1.0.6
[INFO] [stderr]     Checking scoped-tls v1.0.0
[INFO] [stderr]     Checking atomic-waker v1.0.0
[INFO] [stderr]    Compiling pkg-config v0.3.18
[INFO] [stderr]     Checking try-lock v0.2.3
[INFO] [stderr]    Compiling crc32fast v1.2.0
[INFO] [stderr]     Checking quick-error v1.2.3
[INFO] [stderr]     Checking nohash-hasher v0.2.0
[INFO] [stderr]     Checking c_linked_list v1.1.1
[INFO] [stderr]     Checking parity-send-wrapper v0.1.0
[INFO] [stderr]     Checking ipnet v2.3.0
[INFO] [stderr]    Compiling prometheus v0.9.0
[INFO] [stderr]     Checking atomic v0.4.6
[INFO] [stderr]     Checking tower-service v0.3.0
[INFO] [stderr]    Compiling autocfg v0.1.7
[INFO] [stderr]    Compiling slog v2.5.2
[INFO] [stderr]     Checking arc-swap v0.4.7
[INFO] [stderr]     Checking take_mut v0.2.2
[INFO] [stderr]     Checking linked-hash-map v0.5.3
[INFO] [stderr]    Compiling winapi v0.3.9
[INFO] [stderr]    Compiling bitflags v1.2.1
[INFO] [stderr]     Checking percent-encoding v1.0.1
[INFO] [stderr]     Checking lazycell v1.3.0
[INFO] [stderr]     Checking ip_network v0.3.4
[INFO] [stderr]     Checking mio-named-pipes v0.1.7
[INFO] [stderr]     Checking openssl-probe v0.1.2
[INFO] [stderr]     Checking ansi_term v0.12.1
[INFO] [stderr]     Checking retain_mut v0.1.1
[INFO] [stderr]     Checking futures-timer v2.0.2
[INFO] [stderr]     Checking base64 v0.11.0
[INFO] [stderr]     Checking sha1 v0.6.0
[INFO] [stderr]     Checking termcolor v1.1.0
[INFO] [stderr]     Checking lock_api v0.4.1
[INFO] [stderr]     Checking lock_api v0.3.4
[INFO] [stderr]     Checking tracing-core v0.1.16
[INFO] [stderr]     Checking thread_local v1.0.1
[INFO] [stderr]     Checking sharded-slab v0.0.9
[INFO] [stderr]     Checking itertools v0.9.0
[INFO] [stderr]     Checking futures-channel v0.3.5
[INFO] [stderr]     Checking block-padding v0.1.5
[INFO] [stderr]     Checking ed25519 v1.0.2
[INFO] [stderr]    Compiling indexmap v1.6.0
[INFO] [stderr]    Compiling num-traits v0.2.12
[INFO] [stderr]    Compiling num-integer v0.1.43
[INFO] [stderr]    Compiling crossbeam-utils v0.7.2
[INFO] [stderr]    Compiling hashbrown v0.8.2
[INFO] [stderr]    Compiling num-bigint v0.2.6
[INFO] [stderr]    Compiling num-rational v0.2.4
[INFO] [stderr]    Compiling memoffset v0.5.5
[INFO] [stderr]    Compiling crossbeam-epoch v0.8.2
[INFO] [stderr]    Compiling hashbrown v0.7.2
[INFO] [stderr]    Compiling generic-array v0.14.4
[INFO] [stderr]    Compiling unicase v2.6.0
[INFO] [stderr]     Checking bitvec v0.17.4
[INFO] [stderr]    Compiling itertools v0.8.2
[INFO] [stderr]    Compiling semver v0.9.0
[INFO] [stderr]     Checking blake2s_simd v0.5.10
[INFO] [stderr]     Checking blake2b_simd v0.5.10
[INFO] [stderr]     Checking unicode-bidi v0.3.4
[INFO] [stderr]     Checking miniz_oxide v0.4.1
[INFO] [stderr]    Compiling heck v0.3.1
[INFO] [stderr]     Checking http v0.2.1
[INFO] [stderr]     Checking trie-root v0.16.0
[INFO] [stderr]     Checking tokio-sync v0.1.8
[INFO] [stderr]     Checking tokio-service v0.1.0
[INFO] [stderr]     Checking quicksink v0.1.2
[INFO] [stderr]    Compiling paste-impl v0.1.18
[INFO] [stderr]    Compiling hex-literal-impl v0.2.2
[INFO] [stderr]     Checking concurrent-queue v1.2.2
[INFO] [stderr]     Checking async-mutex v1.3.0
[INFO] [stderr]     Checking humantime v1.3.0
[INFO] [stderr]    Compiling ring v0.16.15
[INFO] [stderr]     Checking linked_hash_set v0.1.4
[INFO] [stderr]    Compiling hashbrown v0.6.3
[INFO] [stderr]     Checking wasmi-validation v0.3.0
[INFO] [stderr]    Compiling libz-sys v1.1.2
[INFO] [stderr]    Compiling rustc_version v0.2.3
[INFO] [stderr]     Checking idna v0.2.0
[INFO] [stderr]     Checking idna v0.1.5
[INFO] [stderr]     Checking multitask v0.2.0
[INFO] [stderr]     Checking async-channel v1.4.2
[INFO] [stderr]     Checking addr2line v0.13.0
[INFO] [stderr]     Checking aho-corasick v0.7.13
[INFO] [stderr]     Checking futures-lite v0.1.11
[INFO] [stderr]     Checking bstr v0.2.13
[INFO] [stderr]     Checking hex-literal v0.2.1
[INFO] [stderr]     Checking kv-log-macro v1.0.7
[INFO] [stderr]     Checking want v0.3.0
[INFO] [stderr]     Checking want v0.2.0
[INFO] [stderr]     Checking tracing-log v0.1.1
[INFO] [stderr]     Checking dns-parser v0.8.0
[INFO] [stderr]     Checking regex-automata v0.1.9
[INFO] [stderr]     Checking base64 v0.10.1
[INFO] [stderr]     Checking uint v0.8.5
[INFO] [stderr]     Checking hash256-std-hasher v0.15.2
[INFO] [stderr]    Compiling quote v1.0.7
[INFO] [stderr]     Checking paste v0.1.18
[INFO] [stderr]    Compiling which v3.1.1
[INFO] [stderr]    Compiling snow v0.7.1
[INFO] [stderr]    Compiling parking_lot_core v0.6.2
[INFO] [stderr]    Compiling parking_lot v0.9.0
[INFO] [stderr]    Compiling hyper v0.12.35
[INFO] [stderr]     Checking blake2-rfc v0.2.18
[INFO] [stderr]     Checking parking_lot_core v0.8.0
[INFO] [stderr]     Checking num_cpus v1.13.0
[INFO] [stderr]     Checking parking_lot_core v0.7.2
[INFO] [stderr]     Checking iovec v0.1.4
[INFO] [stderr]     Checking net2 v0.2.35
[INFO] [stderr]     Checking socket2 v0.3.15
[INFO] [stderr]     Checking time v0.1.44
[INFO] [stderr]     Checking polling v0.1.9
[INFO] [stderr]     Checking get_if_addrs v0.5.3
[INFO] [stderr]     Checking dirs-sys v0.3.5
[INFO] [stderr]     Checking atty v0.2.14
[INFO] [stderr]     Checking rand v0.4.6
[INFO] [stderr]     Checking digest v0.8.1
[INFO] [stderr]     Checking block-buffer v0.7.3
[INFO] [stderr]     Checking crypto-mac v0.7.0
[INFO] [stderr]     Checking smallvec v0.6.13
[INFO] [stderr]     Checking backtrace v0.3.50
[INFO] [stderr]     Checking url v2.1.1
[INFO] [stderr]     Checking url v1.7.2
[INFO] [stderr]     Checking http-body v0.3.1
[INFO] [stderr]    Compiling petgraph v0.5.1
[INFO] [stderr]     Checking trie-db v0.22.1
[INFO] [stderr]     Checking tokio-executor v0.1.10
[INFO] [stderr]     Checking crossbeam-queue v0.2.3
[INFO] [stderr]    Compiling rand_core v0.5.1
[INFO] [stderr]    Compiling const-random-macro v0.1.8
[INFO] [stderr]     Checking regex v1.3.9
[INFO] [stderr]    Compiling prost-build v0.6.1
[INFO] [stderr]     Checking matchers v0.0.1
[INFO] [stderr]     Checking digest v0.9.0
[INFO] [stderr]     Checking block-buffer v0.9.0
[INFO] [stderr]     Checking universal-hash v0.4.0
[INFO] [stderr]     Checking block-cipher v0.7.1
[INFO] [stderr]     Checking aead v0.3.2
[INFO] [stderr]     Checking stream-cipher v0.4.1
[INFO] [stderr]     Checking crypto-mac v0.8.0
[INFO] [stderr]     Checking futures-cpupool v0.1.8
[INFO] [stderr]     Checking threadpool v1.8.1
[INFO] [stderr]     Checking bytes v0.4.12
[INFO] [stderr]     Checking parking_lot v0.11.0
[INFO] [stderr]     Checking directories v2.0.2
[INFO] [stderr]     Checking parking_lot v0.10.2
[INFO] [stderr]     Checking pbkdf2 v0.3.0
[INFO] [stderr]     Checking integer-sqrt v0.1.5
[INFO] [stderr]     Checking hmac v0.7.1
[INFO] [stderr]     Checking sha2 v0.8.2
[INFO] [stderr]     Checking sha-1 v0.8.2
[INFO] [stderr]     Checking mio v0.6.22
[INFO] [stderr]     Checking flate2 v1.0.17
[INFO] [stderr]     Checking miow v0.3.5
[INFO] [stderr]     Checking tokio-current-thread v0.1.7
[INFO] [stderr]     Checking tokio-timer v0.2.13
[INFO] [stderr]     Checking sp-panic-handler v2.0.0-rc6
[INFO] [stderr]     Checking crossbeam-deque v0.7.3
[INFO] [stderr]    Compiling rand_pcg v0.2.1
[INFO] [stderr]    Compiling rand_chacha v0.2.2
[INFO] [stderr]     Checking sha2 v0.9.1
[INFO] [stderr]     Checking sha-1 v0.9.1
[INFO] [stderr]     Checking sha3 v0.9.1
[INFO] [stderr]     Checking tempdir v0.3.7
[INFO] [stderr]     Checking polyval v0.4.0
[INFO] [stderr]     Checking poly1305 v0.6.0
[INFO] [stderr]     Checking aes-soft v0.4.0
[INFO] [stderr]     Checking blake2 v0.9.0
[INFO] [stderr]     Checking hmac-drbg v0.2.0
[INFO] [stderr]     Checking const-random v0.1.8
[INFO] [stderr]     Checking once_cell v1.4.1
[INFO] [stderr]     Checking tokio-io v0.1.13
[INFO] [stderr]     Checking http v0.1.21
[INFO] [stderr]     Checking string v0.2.1
[INFO] [stderr]     Checking tokio-buf v0.1.1
[INFO] [stderr]     Checking chrono v0.4.15
[INFO] [stderr]     Checking tokio-threadpool v0.1.18
[INFO] [stderr]    Compiling rand v0.7.3
[INFO] [stderr]     Checking multihash v0.11.4
[INFO] [stderr]     Checking ghash v0.3.0
[INFO] [stderr]     Checking ahash v0.2.18
[INFO] [stderr]     Checking globset v0.4.5
[INFO] [stderr]     Checking env_logger v0.7.1
[INFO] [stderr]     Checking aes v0.4.0
[INFO] [stderr]     Checking futures-task v0.3.5
[INFO] [stderr]     Checking async-io v0.1.11
[INFO] [stderr]     Checking blocking v0.5.2
[INFO] [stderr]     Checking tokio v0.2.22
[INFO] [stderr]     Checking mio-uds v0.6.8
[INFO] [stderr]     Checking mio-extras v2.0.6
[INFO] [stderr]    Compiling Inflector v0.11.4
[INFO] [stderr]     Checking aes-gcm v0.6.0
[INFO] [stderr]     Checking tokio-codec v0.1.2
[INFO] [stderr]     Checking tokio-fs v0.1.7
[INFO] [stderr]     Checking tokio-reactor v0.1.12
[INFO] [stderr]     Checking async-executor v0.1.2
[INFO] [stderr]     Checking tokio-udp v0.1.6
[INFO] [stderr]     Checking tokio-uds v0.2.7
[INFO] [stderr]     Checking tokio-tcp v0.1.4
[INFO] [stderr]    Compiling tempfile v3.1.0
[INFO] [stderr]     Checking lru v0.4.3
[INFO] [stderr]     Checking tokio v0.1.22
[INFO] [stderr]     Checking wasmi v0.6.2
[INFO] [stderr]     Checking libsecp256k1 v0.3.5
[INFO] [stderr]     Checking fixed-hash v0.6.1
[INFO] [stderr]     Checking twox-hash v1.5.0
[INFO] [stderr]     Checking ws v0.9.1
[INFO] [stderr]     Checking tokio-named-pipes v0.1.0
[INFO] [stderr]     Checking webpki v0.21.3
[INFO] [stderr]     Checking sct v0.6.0
[INFO] [stderr]     Checking parity-tokio-ipc v0.4.0
[INFO] [stderr]     Checking ct-logs v0.7.0
[INFO] [stderr]     Checking rustls v0.18.1
[INFO] [stderr]     Checking webpki-roots v0.19.0
[INFO] [stderr]     Checking webpki-roots v0.18.0
[INFO] [stderr]     Checking rustls v0.16.0
[INFO] [stderr]     Checking webpki-roots v0.17.0
[INFO] [stderr]     Checking h2 v0.1.26
[INFO] [stderr]     Checking http-body v0.1.0
[INFO] [stderr]     Checking tokio-util v0.3.1
[INFO] [stderr]     Checking tokio-rustls v0.14.1
[INFO] [stderr]     Checking rustls-native-certs v0.4.0
[INFO] [stderr]    Compiling synstructure v0.12.4
[INFO] [stderr]    Compiling wasm-bindgen-backend v0.2.68
[INFO] [stderr]    Compiling wasm-bindgen-macro-support v0.2.68
[INFO] [stderr]    Compiling futures-macro v0.3.5
[INFO] [stderr]    Compiling zeroize_derive v1.0.0
[INFO] [stderr]    Compiling prost-derive v0.6.1
[INFO] [stderr]    Compiling tracing-attributes v0.1.11
[INFO] [stderr]    Compiling impl-trait-for-tuples v0.1.3
[INFO] [stderr]    Compiling parity-util-mem-derive v0.1.0
[INFO] [stderr]    Compiling ref-cast-impl v1.0.2
[INFO] [stderr]    Compiling rental-impl v0.5.5
[INFO] [stderr]    Compiling sp-debug-derive v2.0.0-rc6
[INFO] [stderr]    Compiling thiserror-impl v1.0.20
[INFO] [stderr]    Compiling derive_more v0.99.10
[INFO] [stderr]    Compiling dyn-clonable-impl v0.9.0
[INFO] [stderr]    Compiling asn1_der_derive v0.1.2
[INFO] [stderr]    Compiling async-attributes v1.1.1
[INFO] [stderr]    Compiling libp2p-core-derive v0.20.2
[INFO] [stderr]    Compiling strum_macros v0.16.0
[INFO] [stderr]    Compiling slog_derive v0.2.0
[INFO] [stderr]    Compiling jsonrpsee-proc-macros v0.1.0
[INFO] [stderr]    Compiling wasm-bindgen-macro v0.2.68
[INFO] [stderr]     Checking ref-cast v1.0.2
[INFO] [stderr]     Checking zeroize v1.1.0
[INFO] [stderr]     Checking failure v0.1.8
[INFO] [stderr]     Checking tracing v0.1.19
[INFO] [stderr]     Checking dyn-clonable v0.9.0
[INFO] [stderr]     Checking asn1_der v0.6.3
[INFO] [stderr]     Checking curve25519-dalek v3.0.0
[INFO] [stderr]     Checking curve25519-dalek v2.1.0
[INFO] [stderr]     Checking merlin v2.0.0
[INFO] [stderr]     Checking secrecy v0.6.0
[INFO] [stderr]     Checking chacha20 v0.4.3
[INFO] [stderr]     Checking tiny-bip39 v0.7.3
[INFO] [stderr]     Checking thiserror v1.0.20
[INFO] [stderr]    Compiling prost v0.6.1
[INFO] [stderr]     Checking chacha20poly1305 v0.5.1
[INFO] [stderr]     Checking schnorrkel v0.9.1
[INFO] [stderr]     Checking x25519-dalek v0.6.0
[INFO] [stderr]     Checking pin-project v0.4.23
[INFO] [stderr]     Checking futures-util v0.3.5
[INFO] [stderr]    Compiling prost-types v0.6.1
[INFO] [stderr]     Checking js-sys v0.3.45
[INFO] [stderr]     Checking strum v0.16.0
[INFO] [stderr]     Checking substrate-bip39 v0.4.2
[INFO] [stderr]    Compiling libp2p-core v0.20.1
[INFO] [stderr]    Compiling libp2p-noise v0.22.0
[INFO] [stderr]    Compiling libp2p-kad v0.21.0
[INFO] [stderr]    Compiling libp2p-identify v0.20.0
[INFO] [stderr]    Compiling sc-network v0.8.0-rc6
[INFO] [stderr]     Checking web-sys v0.3.45
[INFO] [stderr]     Checking wasm-bindgen-futures v0.4.18
[INFO] [stderr]     Checking futures-executor v0.3.5
[INFO] [stderr]     Checking h2 v0.2.6
[INFO] [stderr]     Checking futures v0.3.5
[INFO] [stderr]     Checking futures_codec v0.4.1
[INFO] [stderr]     Checking rw-stream-sink v0.2.1
[INFO] [stderr]     Checking wasm-timer v0.2.5
[INFO] [stderr]     Checking soketto v0.4.2
[INFO] [stderr]     Checking async-tls v0.8.0
[INFO] [stderr]     Checking yamux v0.4.9
[INFO] [stderr]     Checking intervalier v0.4.0
[INFO] [stderr]     Checking exit-future v0.2.0
[INFO] [stderr]     Checking async-tls v0.6.0
[INFO] [stderr]     Checking soketto v0.3.2
[INFO] [stderr]     Checking unsigned-varint v0.4.0
[INFO] [stderr]     Checking multistream-select v0.8.2
[INFO] [stderr]     Checking rental v0.5.5
[INFO] [stderr]     Checking sp-tracing v2.0.0-rc6
[INFO] [stderr]     Checking gloo-timers v0.2.1
[INFO] [stderr]     Checking futures-timer v3.0.2
[INFO] [stderr]     Checking async-std v1.6.3
[INFO] [stderr]     Checking sp-utils v2.0.0-rc6
[INFO] [stderr]     Checking ed25519-dalek v1.0.0
[INFO] [stderr]     Checking impl-serde v0.3.1
[INFO] [stderr]     Checking impl-serde v0.2.3
[INFO] [stderr]     Checking parity-multiaddr v0.9.2
[INFO] [stderr]     Checking erased-serde v0.3.12
[INFO] [stderr]     Checking tracing-serde v0.1.2
[INFO] [stderr]    Compiling toml v0.5.6
[INFO] [stderr]     Checking slog-scope v4.3.0
[INFO] [stderr]     Checking sp-serializer v2.0.0-rc6
[INFO] [stderr]     Checking slog-json v2.3.0
[INFO] [stderr]     Checking jsonrpc-core v14.2.0
[INFO] [stderr]     Checking sp-chain-spec v2.0.0-rc6
[INFO] [stderr]     Checking futures-diagnose v1.0.1
[INFO] [stderr]     Checking tracing-subscriber v0.2.12
[INFO] [stderr]     Checking jsonrpc-pubsub v14.2.0
[INFO] [stderr]     Checking jsonrpc-server-utils v14.2.0
[INFO] [stderr]    Compiling proc-macro-crate v0.1.5
[INFO] [stderr]     Checking jsonrpc-client-transports v14.2.1
[INFO] [stderr]     Checking jsonrpc-ws-server v14.2.0
[INFO] [stderr]     Checking jsonrpc-ipc-server v14.2.0
[INFO] [stderr]     Checking jsonrpc-http-server v14.2.0
[INFO] [stderr]     Checking hyper v0.13.7
[INFO] [stderr]     Checking jsonrpc-core-client v14.2.0
[INFO] [stderr]     Checking libp2p-swarm v0.20.1
[INFO] [stderr]     Checking libp2p-yamux v0.20.0
[INFO] [stderr]     Checking libp2p-mplex v0.20.0
[INFO] [stderr]     Checking libp2p-dns v0.20.0
[INFO] [stderr]     Checking libp2p-wasm-ext v0.20.1
[INFO] [stderr]     Checking libp2p-websocket v0.21.1
[INFO] [stderr]    Compiling parity-scale-codec-derive v1.2.2
[INFO] [stderr]    Compiling sp-runtime-interface-proc-macro v2.0.0-rc6
[INFO] [stderr]    Compiling sp-api-proc-macro v2.0.0-rc6
[INFO] [stderr]    Compiling jsonrpc-derive v14.2.2
[INFO] [stderr]    Compiling sc-chain-spec-derive v2.0.0-rc6
[INFO] [stderr]     Checking libp2p-ping v0.20.0
[INFO] [stderr]     Checking parity-scale-codec v1.3.5
[INFO] [stderr]     Checking libp2p-tcp v0.20.0
[INFO] [stderr]     Checking libp2p-mdns v0.20.0
[INFO] [stderr]     Checking libp2p v0.23.0
[INFO] [stderr]     Checking sc-telemetry v2.0.0-rc6
[INFO] [stderr]     Checking sc-peerset v2.0.0-rc6
[INFO] [stderr]     Checking substrate-prometheus-endpoint v0.8.0-rc6
[INFO] [stderr]     Checking hyper-rustls v0.21.0
[INFO] [stderr]     Checking jsonrpsee v0.1.0
[INFO] [stderr]     Checking sc-tracing v2.0.0-rc6
[INFO] [stderr]     Checking impl-codec v0.4.2
[INFO] [stderr]     Checking sp-storage v2.0.0-rc6
[INFO] [stderr]     Checking sp-wasm-interface v2.0.0-rc6
[INFO] [stderr]     Checking sp-arithmetic v2.0.0-rc6
[INFO] [stderr]     Checking fork-tree v2.0.0-rc6
[INFO] [stderr]     Checking primitive-types v0.7.2
[INFO] [stderr]     Checking sp-externalities v0.8.0-rc6
[INFO] [stderr]     Checking sp-runtime-interface v2.0.0-rc6
[INFO] [stderr]     Checking memory-db v0.24.1
[INFO] [stderr]     Checking kvdb v0.7.0
[INFO] [stderr]     Checking sp-database v2.0.0-rc6
[INFO] [stderr]     Checking kvdb-memorydb v0.7.0
[INFO] [stderr]     Checking sp-core v2.0.0-rc6
[INFO] [stderr]     Checking sp-trie v2.0.0-rc6
[INFO] [stderr]     Checking sp-inherents v2.0.0-rc6
[INFO] [stderr]     Checking sp-allocator v2.0.0-rc6
[INFO] [stderr]     Checking sp-rpc v2.0.0-rc6
[INFO] [stderr]     Checking sc-executor-common v0.8.0-rc6
[INFO] [stderr]     Checking sp-state-machine v0.8.0-rc6
[INFO] [stderr]     Checking sc-executor-wasmi v0.8.0-rc6
[INFO] [stderr]     Checking sp-io v2.0.0-rc6
[INFO] [stderr]     Checking sp-application-crypto v2.0.0-rc6
[INFO] [stderr]     Checking sp-runtime v2.0.0-rc6
[INFO] [stderr]     Checking sc-keystore v2.0.0-rc6
[INFO] [stderr]     Checking sp-version v2.0.0-rc6
[INFO] [stderr]     Checking sp-keyring v2.0.0-rc6
[INFO] [stderr]     Checking sp-staking v2.0.0-rc6
[INFO] [stderr]     Checking sc-rpc-server v2.0.0-rc6
[INFO] [stderr]     Checking sp-api v2.0.0-rc6
[INFO] [stderr]     Checking sp-consensus v0.8.0-rc6
[INFO] [stderr]     Checking sp-block-builder v2.0.0-rc6
[INFO] [stderr]     Checking sc-executor v0.8.0-rc6
[INFO] [stderr]     Checking sp-offchain v2.0.0-rc6
[INFO] [stderr]     Checking sp-session v2.0.0-rc6
[INFO] [stderr]     Checking sp-blockchain v2.0.0-rc6
[INFO] [stderr]     Checking sp-transaction-pool v2.0.0-rc6
[INFO] [stderr]     Checking sc-client-api v2.0.0-rc6
[INFO] [stderr]     Checking sc-transaction-graph v2.0.0-rc6
[INFO] [stderr]     Checking sc-rpc-api v0.8.0-rc6
[INFO] [stderr]     Checking sc-block-builder v0.8.0-rc6
[INFO] [stderr]     Checking sc-state-db v0.8.0-rc6
[INFO] [stderr]     Checking sc-light v2.0.0-rc6
[INFO] [stderr]     Checking sc-transaction-pool v2.0.0-rc6
[INFO] [stderr]     Checking sc-rpc v2.0.0-rc6
[INFO] [stderr]     Checking sc-client-db v0.8.0-rc6
[INFO] [stderr]     Checking sc-informant v0.8.0-rc6
[INFO] [stderr]     Checking sc-offchain v2.0.0-rc6
[INFO] [stderr]     Checking sc-chain-spec v2.0.0-rc6
[INFO] [stderr]     Checking sc-service v0.8.0-rc6
[INFO] [stderr]     Checking substrate-subxt-client v0.4.0 (/opt/rustwide/workdir)
[INFO] [stdout] error[E0433]: failed to resolve: use of undeclared type or module `substrate_subxt`
[INFO] [stdout]    --> src/lib.rs:310:9
[INFO] [stdout]     |
[INFO] [stdout] 310 |     use substrate_subxt::{
[INFO] [stdout]     |         ^^^^^^^^^^^^^^^ use of undeclared type or module `substrate_subxt`
[INFO] [stdout] 
[INFO] [stdout] 
[INFO] [stdout] error[E0432]: unresolved import `substrate_subxt`
[INFO] [stdout]    --> src/lib.rs:310:9
[INFO] [stdout]     |
[INFO] [stdout] 310 |     use substrate_subxt::{
[INFO] [stdout]     |         ^^^^^^^^^^^^^^^ use of undeclared type or module `substrate_subxt`
[INFO] [stdout] 
[INFO] [stdout] 
[INFO] [stdout] error[E0433]: failed to resolve: use of undeclared type or module `test_node`
[INFO] [stdout]    --> src/lib.rs:361:50
[INFO] [stdout]     |
[INFO] [stdout] 361 |                 SubxtClient::from_config(config, test_node::service::new_light).unwrap(),
[INFO] [stdout]     |                                                  ^^^^^^^^^ use of undeclared type or module `test_node`
[INFO] [stdout] 
[INFO] [stdout] 
[INFO] [stdout] error[E0433]: failed to resolve: use of undeclared type or module `test_node`
[INFO] [stdout]    --> src/lib.rs:388:25
[INFO] [stdout]     |
[INFO] [stdout] 388 |             chain_spec: test_node::chain_spec::development_config().unwrap(),
[INFO] [stdout]     |                         ^^^^^^^^^ use of undeclared type or module `test_node`
[INFO] [stdout] 
[INFO] [stdout] 
[INFO] [stdout] error[E0433]: failed to resolve: use of undeclared type or module `test_node`
[INFO] [stdout]    --> src/lib.rs:394:50
[INFO] [stdout]     |
[INFO] [stdout] 394 |                 SubxtClient::from_config(config, test_node::service::new_full).unwrap(),
[INFO] [stdout]     |                                                  ^^^^^^^^^ use of undeclared type or module `test_node`
[INFO] [stdout] 
[INFO] [stdout] 
[INFO] [stdout] error[E0433]: failed to resolve: use of undeclared type or module `test_node`
[INFO] [stdout]    --> src/lib.rs:342:36
[INFO] [stdout]     |
[INFO] [stdout] 342 |             test_node::chain_spec::ChainSpec::from_json_bytes(bytes).unwrap();
[INFO] [stdout]     |                                    ^^^^^^^^^ not found in `test_node::chain_spec`
[INFO] [stdout]     |
[INFO] [stdout] help: consider importing one of these items
[INFO] [stdout]     |
[INFO] [stdout] 307 |     use crate::ChainSpec;
[INFO] [stdout]     |
[INFO] [stdout] 307 |     use sc_service::ChainSpec;
[INFO] [stdout]     |
[INFO] [stdout] 
[INFO] [stdout] 
[INFO] [stdout] error[E0698]: type inside `async` block must be known in this context
[INFO] [stdout]    --> src/lib.rs:329:47
[INFO] [stdout]     |
[INFO] [stdout] 329 |             .transfer_and_watch(&signer, &to, 10_000)
[INFO] [stdout]     |                                               ^^^^^^ cannot infer type for type `{integer}`
[INFO] [stdout]     |
[INFO] [stdout] note: the type is part of the `async` block because of this `await`
[INFO] [stdout]    --> src/lib.rs:328:9
[INFO] [stdout]     |
[INFO] [stdout] 328 | /         client
[INFO] [stdout] 329 | |             .transfer_and_watch(&signer, &to, 10_000)
[INFO] [stdout] 330 | |             .await
[INFO] [stdout]     | |__________________^
[INFO] [stdout] 
[INFO] [stdout] 
[INFO] [stdout] error[E0698]: type inside `async` block must be known in this context
[INFO] [stdout]    --> src/lib.rs:369:47
[INFO] [stdout]     |
[INFO] [stdout] 369 |             .transfer_and_watch(&signer, &to, 10_000)
[INFO] [stdout]     |                                               ^^^^^^ cannot infer type for type `{integer}`
[INFO] [stdout]     |
[INFO] [stdout] note: the type is part of the `async` block because of this `await`
[INFO] [stdout]    --> src/lib.rs:368:9
[INFO] [stdout]     |
[INFO] [stdout] 368 | /         client
[INFO] [stdout] 369 | |             .transfer_and_watch(&signer, &to, 10_000)
[INFO] [stdout] 370 | |             .await
[INFO] [stdout]     | |__________________^
[INFO] [stdout] 
[INFO] [stdout] 
[INFO] [stdout] error[E0698]: type inside `async` block must be known in this context
[INFO] [stdout]    --> src/lib.rs:402:47
[INFO] [stdout]     |
[INFO] [stdout] 402 |             .transfer_and_watch(&signer, &to, 10_000)
[INFO] [stdout]     |                                               ^^^^^^ cannot infer type for type `{integer}`
[INFO] [stdout]     |
[INFO] [stdout] note: the type is part of the `async` block because of this `await`
[INFO] [stdout]    --> src/lib.rs:401:9
[INFO] [stdout]     |
[INFO] [stdout] 401 | /         client
[INFO] [stdout] 402 | |             .transfer_and_watch(&signer, &to, 10_000)
[INFO] [stdout] 403 | |             .await
[INFO] [stdout]     | |__________________^
[INFO] [stdout] 
[INFO] [stdout] 
[INFO] [stdout] error: aborting due to 9 previous errors
[INFO] [stdout] 
[INFO] [stdout] 
[INFO] [stdout] Some errors have detailed explanations: E0432, E0433, E0698.
[INFO] [stdout] 
[INFO] [stdout] For more information about an error, try `rustc --explain E0432`.
[INFO] [stdout] 
[INFO] [stderr] error: could not compile `substrate-subxt-client`.
[INFO] [stderr] 
[INFO] [stderr] To learn more, run the command again with --verbose.
[INFO] running `Command { std: "docker" "inspect" "2df8fc0c9a77f8bc329fd310f45d3d308f10df0b750064e726e13fdccc3465b8", kill_on_drop: false }`
[INFO] running `Command { std: "docker" "rm" "-f" "2df8fc0c9a77f8bc329fd310f45d3d308f10df0b750064e726e13fdccc3465b8", kill_on_drop: false }`
[INFO] [stdout] 2df8fc0c9a77f8bc329fd310f45d3d308f10df0b750064e726e13fdccc3465b8
